 be c(-1). What is the tens digit of g/3*-2 + 4?
5
Suppose -75*l + 15*l = -24300. What is the tens digit of l?
0
Let g = 1683 + -1158. What is the hundreds digit of g?
5
Suppose -10*m - 36 = 34. Let o(n) = -n**3 - 2*n**2 + 6*n + 5. What is the tens digit of o(m)?
0
Let o = -941 + 3310. What is the hundreds digit of o?
3
Let w(j) = j + 9. Let f be w(-4). Suppose f*i - 92 = 288. Suppose 6*z - 2*z = i. What is the tens digit of z?
1
What is the tens digit of (27/(-18))/((-1)/212)?
1
Let t(h) = 125*h - 211. What is the units digit of t(4)?
9
Suppose -4*u - 4 + 139 = f, 0 = -3*u - 2*f + 100. Let p be ((-10)/8)/((-5)/80). Let k = u - p. What is the units digit of k?
4
What is the hundreds digit of 10/(-4)*(2232/(-45) - 0)?
1
Let x be 12*((-10)/(-3) + -3). Suppose -8 = -2*q, 26 = n - x*q + 3. What is the units digit of n?
9
Let o(c) = 2*c + 11. Let f be o(-5). Suppose 0 = n + 2*p - f - 2, 12 = 2*n - 2*p. What is the units digit of n?
5
Suppose 4*m - u = 6457, -16136 = -7*m - 3*m - 4*u. What is the hundreds digit of m?
6
Suppose 3*z = 12, -2*p + 5*z - z - 28 = 0. Let s be (p/8)/((-10)/(-80)). What is the units digit of (2/s)/((-16)/48)?
1
Suppose -143*x + 11760 = -128*x. What is the hundreds digit of x?
7
Suppose 0 = -d + 8 + 2. Suppose -7 = k - 3*x + 5, -5*k + 3*x = 48. Let i = d - k. What is the tens digit of i?
1
Suppose -a = -2*a - 4*y + 25, 2*a + 2*y - 68 = 0. Let u = -35 + a. Suppose -u*f = f - 132. What is the tens digit of f?
4
Let k = -172 + 307. What is the units digit of k?
5
Let o(h) = 2*h**3 - h**2 - 5*h - 17. Suppose 10*i - 12 = 7*i. What is the tens digit of o(i)?
7
Suppose 2*t = -y + 2*y - 239, -t - 235 = -y. What is the tens digit of y?
3
Suppose -2*u = -6 + 14, 388 = 4*c - 3*u. What is the tens digit of c?
9
Let n = 131 - -334. What is the units digit of n?
5
Suppose 11*c - 24 = 12*c. What is the units digit of (-808)/(-6) + c/36?
4
Suppose -5*g - 2*o + 2146 = -749, -5 = o. What is the hundreds digit of g?
5
What is the hundreds digit of 356 + -2 + (-2)/(8/20)?
3
Let a = 208 + -208. Let o be (-2)/(-7) - (-1830)/14. Suppose a = -3*u - 50 + o. What is the units digit of u?
7
Let w be (-9 - (-7 - -1))*(-1)/1. Suppose -4*g - 102 = -v, -2*v = g + w*g - 228. What is the tens digit of v?
1
Suppose -9*n + 13998 + 17610 = 0. What is the hundreds digit of n?
5
Suppose -256*v + 265*v - 10422 = 0. What is the units digit of v?
8
Let u be 4/(-4) + 8/(-1). Let v(g) = -g**3 - 7*g**2 + 3*g - 12. What is the units digit of v(u)?
3
Let y = 329 - 107. Let f = y - 146. What is the units digit of f?
6
Let x(j) = -12*j**3 + 5*j**2 + 3*j + 4. Let w be x(-3). Suppose 0 = -3*h - o - 0*o + 218, -o + w = 5*h. What is the units digit of h?
3
Let d be 20/8 + (-1)/2. Suppose 4*y = d*y - 8. Let w = y - -14. What is the units digit of w?
0
What is the tens digit of 1184 + -4*(-8 + 7)?
8
Suppose 0 = -x + 6*x. Suppose x = -4*o + o - 21. Let i = -4 - o. What is the units digit of i?
3
Let y be 199 + 3 + 0*(-1)/(-3). Suppose 5*w - 3*p - 548 = y, 5*p = 3*w - 434. What is the hundreds digit of w?
1
Suppose -2 + 14 = -2*h. Let s be (-2 - -6)*(-3)/h. What is the units digit of 12 - ((1 - -1) + s)?
8
Let b(x) = x**3 + 11*x**2 + 8*x - 14. Let h be b(-10). Let o(z) = h - 1 - 3 - 4*z + z**2. What is the tens digit of o(6)?
1
Suppose -2*f = 7*z - 4*z - 4294, 2*f = 2*z - 2876. What is the hundreds digit of z?
4
Let a = -104 + 115. Let i(x) = x**3 - 10*x**2 + 8*x - 16. What is the tens digit of i(a)?
9
Suppose f - 16 = 2*b - 6, 20 = -5*b. Suppose 0 = 2*h + 4*y - 14, -2*h + y - 3*y + 8 = 0. Suppose 65 - h = f*p. What is the units digit of p?
2
Suppose -o = a - 1, -5*o + 2*a - 26 = 4. What is the units digit of (-2*1)/(o/(-304)*-1)?
2
Suppose -4*b = 12 - 40. Let w be (3/(-3) - 0)*b. Let j(c) = -c**3 - 7*c**2 - 2*c. What is the tens digit of j(w)?
1
Let j(d) = 2*d + 484. What is the units digit of j(50)?
4
Suppose -26 = -2*k - 2. Suppose -5*x + 2*j = -k + 4, -5 = -x - 3*j. Suppose 2*f = -4*b + 88, -6*b + x*f + 96 = -2*b. What is the tens digit of b?
2
Suppose 144*h - 137*h - 3052 = 0. What is the hundreds digit of h?
4
Suppose f - 3*g - 7 = 0, 3*f + g - 2 - 69 = 0. Let m = f - 13. What is the units digit of m?
9
Let r(l) = l**2 + 6*l + 18. Suppose -4*o - 40 = -3*x - 4, -5*o = -5*x + 50. What is the tens digit of r(o)?
1
Suppose -467 = -4*n + 5*g, 3*g = 4*n - g - 464. Let f = n + -34. Let x = -56 + f. What is the tens digit of x?
2
Let r = 4763 + -1036. What is the tens digit of r?
2
Suppose 4*c - 3*c = 5*n + 9, 18 = 5*c + 2*n. Let w = 9 - c. What is the units digit of w?
5
Let m be (3 - 1) + 1 + -3. Let p(n) = 5 + 3*n**2 - 2*n**2 + m*n**2 - 7*n. What is the units digit of p(7)?
5
What is the units digit of 5/(-20)*4 - -2009?
8
Let z = 2002 - 1191. What is the tens digit of z?
1
Suppose 8*s = -5*s. Suppose s = -6*b - 2*b + 744. What is the tens digit of b?
9
Let z(b) = b**3 + b**2 + b + 10. Suppose 5*x + 4*p + 16 = 0, -x - 3*x = -4*p - 16. What is the tens digit of z(x)?
1
Suppose -22 = -4*b - 6. Suppose 241 = 5*y + b*l, 2*y + l - 110 = -4*l. What is the tens digit of y?
4
Suppose -14258 - 9304 = 2*k. What is the hundreds digit of (-1)/(-8) + k/(-88)?
1
Suppose 4*t + 94 = -3*f, 4*f - 35 = -3*t - 109. Let c = t + 35. What is the units digit of c?
3
Let d(p) = -p**3 - 2*p**2 + 33*p + 88. What is the thousands digit of d(-13)?
1
Suppose -c - 4*c = 3*a - 20, a + c = 6. Suppose a*k - k = 464. What is the tens digit of k?
1
Let m = 31 - 21. Suppose 2*p = -2*c + p + 91, -2*p + m = 0. What is the units digit of c?
3
Let q(u) = -u**2 - 17*u + 25. What is the units digit of q(-18)?
7
Let a(j) = -809*j - 167. What is the units digit of a(-7)?
6
Suppose 322033 = 54*p + 30325. What is the thousands digit of p?
5
Suppose -10*x - 7758 = -16*x. What is the hundreds digit of x?
2
Suppose -2*d - 2*r + 4 = -d, -11 = -4*d - 3*r. Suppose -8*c + 3*c + 4*q = 37, 0 = c + q + d. Let t = 16 - c. What is the units digit of t?
1
Let j = -1780 + 3264. What is the thousands digit of j?
1
Let z = -206 - -326. Suppose 0 = -5*r - c + 432 - z, 0 = -5*r - 4*c + 303. What is the units digit of r?
3
Suppose 5*d - 190 = -3*k, d + 5*k = -0*d + 60. Suppose 2*i + 5*r = d, -r + 0 - 1 = 0. Suppose 3*v - l = 2*l + 42, -v - 5*l = -i. What is the units digit of v?
5
Let n be (2/(-6))/(17/(-918)). Let z = n + -14. Suppose -5*a = -z*r - 219, -2*a + r + 137 = a. What is the tens digit of a?
4
Let s(n) = -n**3 + 14*n**2 + 2*n - 12. Let t = -4 + 9. Let p(g) = g**2 - 2*g - 1. Let o be p(t). What is the tens digit of s(o)?
1
Let k = 2319 - 1534. What is the hundreds digit of k?
7
Let n be -2 + 3 - 1/1. Let w(x) = 3*x**2 - x + 4. Let u be w(0). Let z = n + u. What is the units digit of z?
4
Let v(o) = -o - 15. Let q be v(-17). Suppose a = -4*j + 7, 6 = -4*a + q. Suppose j*y + r + 333 = 7*y, 3*y + 5*r - 183 = 0. What is the tens digit of y?
6
Let m(y) = y**2 - 5*y - 13. What is the hundreds digit of m(-27)?
8
Let b(m) = 9*m**2 + 11*m + 17. What is the hundreds digit of b(-10)?
8
Suppose 2*r = -2*t + 12 + 4, -3*r = -t - 4. Suppose 0 = -r*b + 2*m + 818, 0 = -2*b - 2*b - 2*m + 1114. What is the units digit of b?
6
Let l = 808 + 961. What is the thousands digit of l?
1
Let s(x) = 4*x**2 - 5*x**2 - 10*x**2 - x**3 + 6 - 4*x. Let h be 1/((-9)/99*1). What is the units digit of s(h)?
0
Let r be (-6 + 2 + 5)*-1*9. Let f(n) = 3*n**2 + 9*n - 23. What is the hundreds digit of f(r)?
1
Suppose n + n - 4 = 0. Let p(z) = 7*z**2 - 2*z**2 - z - 3*z**n. What is the tens digit of p(-3)?
2
Suppose -2*x - a - 6 = 0, -x + a + 0 = 3. What is the tens digit of (39/x)/((-1)/10*2)?
6
Suppose 5*l + 5 + 0 = 0. Let m be (l - 4)/(-4 - -3). Let c = m - 4. What is the units digit of c?
1
Let f(q) = -q**3 - 9*q**2 + 11*q + 22. Let c be f(-10). Suppose -11*r - 121 = -c*r. What is the hundreds digit of r?
1
Let a(p) = 60*p**3 + 8*p**2 - 24*p + 53. What is the tens digit of a(4)?
2
What is the tens digit of (-8582)/(-3) - 206/309?
6
Suppose 3*z = -2 + 5. Let m be 204*-1*z/(-2). Let n = -51 + m. What is the units digit of n?
1
Let u(k) = 12*k - 141. What is the hundreds digit of u(22)?
1
Let s(n) = -n**3 - 4*n**2 + 2*n + 4. Let a be s(-7). Let k = a + -63. What is the units digit of k?
4
Let v(m) = 2*m**2 + 4*m + 3. Let h be v(-2). What is the tens digit of 84 + (-25)/15